{"id":19,"date":"2021-08-18T23:58:20","date_gmt":"2021-08-18T23:58:20","guid":{"rendered":"http:\/\/adtec.com.gt\/tienda\/index.php\/product\/album\/"},"modified":"2022-01-10T12:03:50","modified_gmt":"2022-01-10T18:03:50","slug":"album","status":"publish","type":"product","link":"http:\/\/adtec.com.gt\/tienda\/index.php\/product\/album\/","title":{"rendered":"ITS &#8211; eFactura v2.0"},"content":{"rendered":"<body><p>Sistema para env\u00edo de documentos electr\u00f3nicos desde tu sistema de facturaci\u00f3n actual. Conectados a varios certificadores con opci\u00f3n para seleccionar y enviar documentos.<\/p>\n<\/body>","protected":false},"excerpt":{"rendered":"<p>La Soluci\u00f3n que necesitas para generar facturas electr\u00f3nicas desde cualquier sistema de una forma sencilla. Permite seleccionar el certificador con el que desees trabajar.<\/p>\n<p><strong>Implementaci\u00f3n Aplicaci\u00f3n FEL\u00a0<\/strong><br \/>\nPago \u00fanico, incluye:<br \/>\n&#8211; Creaci\u00f3n de credenciales de acceso a plataforma<br \/>\n&#8211; Proceso de implementaci\u00f3n y pruebas de env\u00edo<br \/>\n&#8211; Dise\u00f1o de representaci\u00f3n gr\u00e1fica de documentos<br \/>\n&#8211; Capacitaci\u00f3n y acompa\u00f1amiento inicial<br \/>\n&#8211; Incluye licencia de ITS &#8211; eFactura para env\u00edo de<br \/>\ndocumentos desde su sistema actual.<\/p>\n<p>&nbsp;<\/p>\n","protected":false},"featured_media":259,"template":"","meta":{"om_disable_all_campaigns":false,"_monsterinsights_skip_tracking":false,"_monsterinsights_sitenote_active":false,"_monsterinsights_sitenote_note":"","_monsterinsights_sitenote_category":0,"site-sidebar-layout":"default","site-content-layout":"default","ast-site-content-layout":"","site-content-style":"default","site-sidebar-style":"default","ast-global-header-display":"","ast-banner-title-visibility":"","ast-main-header-display":"","ast-hfb-above-header-display":"","ast-hfb-below-header-display":"","ast-hfb-mobile-header-display":"","site-post-title":"","ast-breadcrumbs-content":"","ast-featured-img":"","footer-sml-layout":"","theme-transparent-header-meta":"default","adv-header-id-meta":"","stick-header-meta":"","header-above-stick-meta":"","header-main-stick-meta":"","header-below-stick-meta":"","astra-migrate-meta-layouts":"default","ast-page-background-enabled":"default","ast-page-background-meta":{"desktop":{"background-color":"var(--ast-global-color-4)","background-image":"","background-repeat":"repeat","background-position":"center center","background-size":"auto","background-attachment":"scroll","background-type":"","background-media":"","overlay-type":"","overlay-color":"","overlay-opacity":"","overlay-gradient":""},"tablet":{"background-color":"","background-image":"","background-repeat":"repeat","background-position":"center center","background-size":"auto","background-attachment":"scroll","background-type":"","background-media":"","overlay-type":"","overlay-color":"","overlay-opacity":"","overlay-gradient":""},"mobile":{"background-color":"","background-image":"","background-repeat":"repeat","background-position":"center center","background-size":"auto","background-attachment":"scroll","background-type":"","background-media":"","overlay-type":"","overlay-color":"","overlay-opacity":"","overlay-gradient":""}},"ast-content-background-meta":{"desktop":{"background-color":"var(--ast-global-color-5)","background-image":"","background-repeat":"repeat","background-position":"center center","background-size":"auto","background-attachment":"scroll","background-type":"","background-media":"","overlay-type":"","overlay-color":"","overlay-opacity":"","overlay-gradient":""},"tablet":{"background-color":"var(--ast-global-color-5)","background-image":"","background-repeat":"repeat","background-position":"center center","background-size":"auto","background-attachment":"scroll","background-type":"","background-media":"","overlay-type":"","overlay-color":"","overlay-opacity":"","overlay-gradient":""},"mobile":{"background-color":"var(--ast-global-color-5)","background-image":"","background-repeat":"repeat","background-position":"center center","background-size":"auto","background-attachment":"scroll","background-type":"","background-media":"","overlay-type":"","overlay-color":"","overlay-opacity":"","overlay-gradient":""}},"jetpack_post_was_ever_published":false,"_joinchat":[],"jetpack_publicize_message":"","jetpack_publicize_feature_enabled":true,"jetpack_social_post_already_shared":true,"jetpack_social_options":{"image_generator_settings":{"template":"highway","enabled":false},"version":2}},"product_brand":[],"product_cat":[17],"product_tag":[18],"class_list":{"0":"post-19","1":"product","2":"type-product","3":"status-publish","4":"has-post-thumbnail","6":"product_cat-sistemas-its","7":"product_tag-factura-electronica","8":"desktop-align-left","9":"tablet-align-left","10":"mobile-align-left","12":"first","13":"instock","14":"sale","15":"downloadable","16":"virtual","17":"taxable","18":"purchasable","19":"product-type-simple"},"jetpack_publicize_connections":[],"jetpack_sharing_enabled":true,"jetpack-related-posts":[],"_links":{"self":[{"href":"http:\/\/adtec.com.gt\/tienda\/index.php\/wp-json\/wp\/v2\/product\/19","targetHints":{"allow":["GET"]}}],"collection":[{"href":"http:\/\/adtec.com.gt\/tienda\/index.php\/wp-json\/wp\/v2\/product"}],"about":[{"href":"http:\/\/adtec.com.gt\/tienda\/index.php\/wp-json\/wp\/v2\/types\/product"}],"wp:featuredmedia":[{"embeddable":true,"href":"http:\/\/adtec.com.gt\/tienda\/index.php\/wp-json\/wp\/v2\/media\/259"}],"wp:attachment":[{"href":"http:\/\/adtec.com.gt\/tienda\/index.php\/wp-json\/wp\/v2\/media?parent=19"}],"wp:term":[{"taxonomy":"product_brand","embeddable":true,"href":"http:\/\/adtec.com.gt\/tienda\/index.php\/wp-json\/wp\/v2\/product_brand?post=19"},{"taxonomy":"product_cat","embeddable":true,"href":"http:\/\/adtec.com.gt\/tienda\/index.php\/wp-json\/wp\/v2\/product_cat?post=19"},{"taxonomy":"product_tag","embeddable":true,"href":"http:\/\/adtec.com.gt\/tienda\/index.php\/wp-json\/wp\/v2\/product_tag?post=19"}],"curies":[{"name":"wp","href":"https:\/\/api.w.org\/{rel}","templated":true}]}}